005440?
True
Is 3233 a factor of 89451943?
False
Is 136630239 a multiple of 1933?
True
Does 11 divide 55449779?
True
Is 50518496 a multiple of 30?
False
Does 22 divide 194100192?
True
Is 413284563 a multiple of 27?
False
Is 1127 a factor of 6983512?
False
Is 622 a factor of 51532078?
True
Is 7512 a factor of 1492844736?
True
Does 171 divide 2543620374?
False
Is 20 a factor of 3912926120?
True
Is 66 a factor of 18023214?
True
Is 7937787 a multiple of 32?
False
Is 30155408 a multiple of 22?
False
Does 1111 divide 112724798?
False
Is 5 a factor of 302980185?
True
Is 11644 a factor of 3800249753?
False
Is 2063795248 a multiple of 60?
False
Is 324502099 a multiple of 1654?
False
Does 27 divide 159472800?
True
Is 794 a factor of 17212273?
False
Is 100296275 a multiple of 2300?
False
Does 5185 divide 1274500823?
False
Is 862 a factor of 191333830?
True
Does 41 divide 2109592043?
False
Is 135363228 a multiple of 2002?
True
Does 291 divide 380174622?
True
Is 53035400 a multiple of 440?
True
Does 6 divide 99972498?
True
Is 625 a factor of 326183162?
False
Is 77759511 a multiple of 453?
False
Does 12 divide 38582381?
False
Is 33996004 a multiple of 203?
True
Is 39200379 a multiple of 8?
False
Is 18763230 a multiple of 10?
True
Is 595051974 a multiple of 1419?
True
Is 158618148 a multiple of 1248?
False
Is 214729606 a multiple of 689?
True
Is 697 a factor of 48288727?
False
Is 8 a factor of 166615180?
False
Is 97 a factor of 167157563?
False
Is 14298729 a multiple of 6?
False
Is 58233474 a multiple of 234?
True
Is 24561725 a multiple of 25?
True
Does 639 divide 1459229985?
True
Is 3188268922 a multiple of 1861?
True
Is 816 a factor of 1126438961?
False
Is 878 a factor of 19705941?
False
Is 13434695 a multiple of 473?
False
Is 112 a factor of 16009392?
True
Is 41 a factor of 55187842?
False
Is 14 a factor of 27927677?
False
Is 517184464 a multiple of 337?
True
Is 475 a factor of 36211150?
True
Does 522 divide 49550412?
False
Is 987699826 a multiple of 20?
False
Is 120873219 a multiple of 44?
False
Is 83 a factor of 6907675?
True
Is 4 a factor of 11497764?
True
Is 115521024 a multiple of 32?
True
Is 158 a factor of 1544664620?
False
Is 21395759 a multiple of 4?
False
Is 850851508 a multiple of 3074?
False
Is 37017186 a multiple of 926?
False
Does 400 divide 3718400?
True
Is 306 a factor of 1560565?
False
Is 66 a factor of 262620511?
False
Does 15 divide 1009471118?
False
Is 40039725 a multiple of 3?
True
Is 154564814 a multiple of 72?
False
Is 1279611028 a multiple of 172?
True
Is 174 a factor of 41117261?
False
Does 165 divide 28217310?
True
Is 93 a factor of 177625363?
False
Is 61 a factor of 3644201?
True
Is 9 a factor of 513221994?
True
Is 11 a factor of 17815026?
False
Does 1264 divide 3598024?
False
Is 90242132 a multiple of 4?
True
Is 1445547 a multiple of 67?
False
Is 27107430 a multiple of 105?
True
Is 4380658240 a multiple of 6080?
True
Is 202572076 a multiple of 406?
True
Is 52 a factor of 910251?
False
Does 50 divide 443505515?
False
Is 1218418 a multiple of 399?
False
Does 1700 divide 1097344900?
True
Is 204 a factor of 731382048?
False
Is 1362533518 a multiple of 330?
False
Does 206 divide 2320618840?
True
Is 209 a factor of 835237359?
True
Is 145736058 a multiple of 199?
True
Does 51 divide 128367134?
False
Is 544104249 a multiple of 193?
True
Is 12740650 a multiple of 65?
True
Is 43606658 a multiple of 1042?
True
Does 8 divide 273151628?
False
Does 285 divide 264774468?
False
Is 32170633 a multiple of 1260?
False
Does 639 divide 679340609?
False
Does 348 divide 22412592?
True
Does 153 divide 59347323?
True
Is 739673085 a multiple of 14?
False
Is 37 a factor of 10343794?
True
Is 414462130 a multiple of 97?
False
Does 3560 divide 36088106?
False
Does 166 divide 692095666?
True
Is 2741920020 a multiple of 3339?
True
Is 7 a factor of 19785116?
False
Is 5 a factor of 4482977?
False
Is 5382640 a multiple of 5?
True
Does 165 divide 2997108?
False
Does 27 divide 10304721?
False
Is 26970165 a multiple of 629?
False
Is 15 a factor of 4344657180?
True
Does 2760 divide 2737923334?
False
Is 195 a factor of 1243715265?
True
Does 205 divide 527572846?
False
Is 44000935 a multiple of 31?
True
Is 164 a factor of 4546649?
False
Is 17924168 a multiple of 395?
False
Does 34 divide 3612228?
True
Is 156599122 a multiple of 2487?
False
Is 9 a factor of 45351549?
True
Is 145 a factor of 12954590?
True
Does 19 divide 2781037790?
True
Does 5 divide 211365419?
False
Is 165 a factor of 217865649?
False
Is 47 a factor of 284816475?
True
Is 78534720 a multiple of 111?
True
Is 6 a factor of 1461477?
False
Is 25 a factor of 319451508?
False
Is 2276 a factor of 1339992724?
True
Does 101 divide 1045345641?
False
Does 43 divide 491332168?
False
Is 3614 a factor of 460727176?
True
Is 2122 a factor of 158409422?
True
Is 2774718771 a multiple of 67?
True
Is 14775 a factor of 467829363?
False
Is 303968460 a multiple of 115?
True
Is 3 a factor of 242142810?
True
Is 415 a factor of 54225096?
False
Is 19 a factor of 18305797?
True
Is 287995434 a multiple of 2635?
False
Is 20 a factor of 66631660?
True
Is 54 a factor of 21787434?
True
Is 9 a factor of 349881499?
False
Is 10952281 a multiple of 12?
False
Is 30 a factor of 117246617?
False
Is 1166 a factor of 232812888?
True
Is 24 a factor of 222291768?
True
Is 8464547 a multiple of 129?
False
Does 161 divide 55907584?
False
Does 140 divide 1274940347?
False
Is 18 a factor of 151663559?
False
Is 31 a factor of 119441233?
True
Is 4231 a factor of 842152802?
False
Does 817 divide 1891913312?
False
Does 684 divide 316934136?
True
Is 58681608 a multiple of 7?
False
Does 26 divide 174247634?
False
Does 82 divide 3332403629?
False
Does 6857 divide 1178558712?
False
Is 24934917 a multiple of 97?
True
Is 27156960 a multiple of 10?
True
Is 48 a factor of 3505104?
True
Is 4 a factor of 127327727?
False
Does 46 divide 437805244?
False
Is 5 a factor of 663437981?
False
Does 427 divide 1404794986?
True
Does 1809 divide 15615067?
False
Is 136517024 a multiple of 32?
True
Is 3855693156 a multiple of 12?
True
Does 2809 divide 29589067?
False
Is 99 a factor of 1848623273?
False
Is 7066 a factor of 1137965168?
True
Does 470 divide 72611710?
True
Is 849251438 a multiple of 1837?
False
Does 25 divide 370700?
True
Is 57632704 a multiple of 32?
True
Is 106816319 a multiple of 92?
False
Is 1537689614 a multiple of 2568?
False
Is 6025330 a multiple of 10?
True
Does 86 divide 12198757?
False
Does 10 divide 20451383?
False
Is 44604192 a multiple of 1448?
True
Is 1521108348 a multiple of 537?
True
Is 48 a factor of 4292860174?
False
Does 92 divide 20250672?
True
Is 780021951 a multiple of 917?
False
Does 22 divide 32386614?
False
Is 676 a factor of 93017489?
False
Is 37 a factor of 907519498?
True
Is 621548730 a multiple of 18?
True
Does 1151 divide 177771950?
True
Is 1527489186 a multiple of 644?
False
Is 109 a factor of 19498859?
False
Does 18 divide 2062106007?
False
Is 182809350 a multiple of 4?
False
Is 178 a factor of 2916886?
True
Is 4584 a factor of 407733406?
False
Is 454588549 a multiple of 443?
False
Is 53104215 a multiple of 4?
False
Is 285707720 a multiple of 3352?
True
Does 5060 divide 480092800?
True
Is 53067815 a multiple of 1321?
False
Is 52027380 a multiple of 852?
True
Is 602 a factor of 813759520?
True
Is 252 a factor of 215002865?
False
Is 55 a factor of 22281437?
False
Is 8 a factor of 647821864?
True
Is 522 a factor of 3315760?
False
Does 609 divide 5473083?
True
Does 1377 divide 52425483?
False
Does 24 divide 3013724?
False
Is 57909864 a multiple of 181?
True
Is 129 a factor of 249022889?
False
Is 15 a factor of 188609985?
True
Is 26 a factor of 322950668?
False
Is 1244241801 a multiple of 32?
False
Does 1189 divide 162567963?
False
Is 1925039798 a multiple of 341?
True
Is 10 a factor of 60121909?
False
Is 55390535 a multiple of 1396?
False
Is 1929 a factor of 74459971?
False
Is 205871360 a multiple of 170?
True
Is 13 a factor of 87064601?
True
Does 13 divide 24540451?
True
Is 473 a factor of 158693392?
True
Is 177127800 a multiple of 1335?
True
Does 86 divide 356990472?
True
Is 287 a factor of 314175814?
False
Is 21062034 a multiple of 7?
True
Does 173 divide 4480543?
False
Is 6289658024 a multiple of 432?
False
Is 31 a factor of 17